mainder when b is divided by f.
1
Let u = -11 + 6. Let j(l) = -l**3 - l**2 + 5*l + 3. Let o be j(u). Suppose -2*n = 5*s - o, -s + 4*s = -5*n + 43. What is the remainder when 46 is divided by s?
14
What is the remainder when 50 is divided by 550/33 - 2/(-6)?
16
Suppose 520 = 8*o + 5*o. What is the remainder when o is divided by 22?
18
Suppose 0 = -2*y - 0*y + 3*v + 36, 2*v + 8 = 0. Suppose -3*q = -2*s + 8, 0*q + q = 3*s - y. Calculate the remainder when 6 is divided by s.
2
Suppose -4*m = j - 11, m + 2*m + 9 = 0. What is the remainder when j is divided by 12?
11
Suppose -2*o + o = 0. Suppose -4*v + 3*r = 1, -r = -v - o*r - 1. Calculate the remainder when 21 is divided by (-246)/(-22) - v/11.
10
Let j(o) = -3*o + o**2 + 3*o**2 + 2*o - 1. Let p = 0 - -25. Calculate the remainder when p is divided by j(2).
12
Suppose -2*o + 9 + 77 = 0. Calculate the remainder when o is divided by 22.
21
Calculate the remainder when 73 is divided by (-339)/(-9) - (-10)/(-15).
36
Let c(s) = s**3 - 6*s**2 + 5*s. Let q be c(5). Suppose q = -2*z + 5*z - 174. Calculate the remainder when z is divided by 20.
18
Let f(k) = -k**3 - 7*k**2 + 7*k + 4. What is the remainder when 35 is divided by f(-8)?
11
Let o(h) = -2*h**2 + 3*h**3 + 1 - 2*h + 1 - h**3. What is the remainder when 10 is divided by o(2)?
4
What is the remainder when 16/10*(-260)/(-8) is divided by 14?
10
Let n = 7 - 5. Let a = n - -8. Calculate the remainder when 28 is divided by a.
8
Suppose -3*q + 130 = 2*q. Let h be (-8)/3*27/6. What is the remainder when q is divided by ((-14)/(-3))/((-4)/h)?
12
Let w(o) = -o**3 - o**2 - o + 69. Let g be 0/(-2 - (-3)/1). Calculate the remainder when w(g) is divided by 18.
15
Suppose -5*f - 2*v = -50, f - 10 = -4*v - 0*v. Suppose p = -0 + 3. Suppose -3*w - 185 = -5*d, 4*w + 34 = d - p. Calculate the remainder when d is divided by f.
7
Suppose 0 = 4*j + 2*d - 150, -d = d - 6. Suppose 16 - j = -x. What is the remainder when 39 is divided by x?
19
Suppose 5*x + 0*x - 3*i - 9 = 0, 5*i = -5*x + 25. Suppose -4*a = 5*l - 50, -x*l - 2*a + 46 = l. What is the remainder when l is divided by 4?
2
Suppose 16*h + 24 = 12*h. Calculate the remainder when 5 is divided by (-8)/(-6) + (-4)/h.
1
Let c(o) = 7*o**2 - 5*o + 3. What is the remainder when 60 is divided by c(2)?
18
Let a = -60 + 103. Suppose 2*n + 1 = 31. Calculate the remainder when a is divided by n.
13
Let i = -31 - -22. What is the remainder when 133/(-21)*i*1 is divided by 15?
12
Suppose -5*a + 81 = -4. Calculate the remainder when 82 is divided by a.
14
Let v(u) = 7*u**2 + 0*u**2 - 4*u**2 - 2 + 3*u - 2*u**2. Calculate the remainder when v(-6) is divided by 6.
4
Suppose -2*p - 5*r + 30 = 0, 0 = -11*p + 12*p - 3*r - 4. Calculate the remainder when 367 is divided by p.
7
Suppose -3*w + 20 = 8, -2*u - 3*w + 10 = 0. Calculate the remainder when 2 - 3 - u*29 is divided by 10.
8
Let o(v) = 7*v**3 + 2*v**2 - v. Let b be o(1). Suppose 32 = 2*j - b. What is the remainder when 39 is divided by j?
19
Suppose -v = 3*c - 45, -4*c + 2*v + 53 = v. Calculate the remainder when 27 is divided by c.
13
Let j(i) = 29*i**2 - i + 1. Let t(w) be the second derivative of -w**5/10 - w**4/12 - w**3/6 + w**2 + w. What is the remainder when j(-1) is divided by t(-2)?
15
Let b = -6 - -8. Suppose -2*k - b = 0, -h + 5*h = 3*k + 19. Suppose -l - 54 = -h*l. Calculate the remainder when 53 is divided by l.
17
Calculate the remainder when (0 - (-14)/6)/(1/30) is divided by 37.
33
Let q(m) = -m + 36. Suppose 2*w = -d + 8, -d + 14 = -w - 0. What is the remainder when q(13) is divided by d?
11
Suppose 0*a + 4*a = 0. Suppose a*v + 40 = 4*v. Calculate the remainder when 19 is divided by v.
9
Suppose 4*z + b - 33 = -2*b, z - 2*b - 22 = 0. Let r(j) = -j - 3*j + 0*j**2 + 3 + j**2. What is the remainder when r(8) is divided by z?
11
Let g be (-3)/2*10/(-3). Suppose -3*w - g*i = -i + 10, 4*i = 5*w - 26. Let u = 0 + w. What is the remainder when u is divided by 2?
0
Suppose 5*t = -4*h + 67, h = -4*t + 2*h + 62. Suppose -4*u + 12 = -u. What is the remainder when t is divided by u?
3
Let a(u) = 22*u**2 + u. Let b be a(-1). Suppose -g - 6 + b = 0. Suppose 131 + 59 = 5*n - 5*k, 2*n - 61 = 5*k. What is the remainder when n is divided by g?
13
Let x = -36 + 49. Calculate the remainder when 51 is divided by x.
12
Let r be 4/(-3)*3/2. Calculate the remainder when 63 is divided by (r - 0)/((-2)/22).
19
Let z(i) = -i**3 - 6*i**2 - 6*i + 5. Let j = -12 + 17. Suppose 0 = -4*m + 2*q - 0*q + 50, 7 = 2*m + j*q. What is the remainder when z(-6) is divided by m?
8
Let i(y) = 30 - y + 0*y + 0*y. Let k = -1 + 1. What is the remainder when i(k) is divided by 16?
14
Calculate the remainder when (2 + (-128)/12)*-6 is divided by 18.
16
Suppose -y + 107 = 2*n - 2*y, -n = y - 61. Let t = 35 - 16. Calculate the remainder when n is divided by t.
18
Suppose -2*w = 4*d - 22, d + 16 = 4*w - 64. What is the remainder when 54 is divided by w?
16
Suppose -q + 63 - 24 = 0. What is the remainder when q is divided by 21?
18
Suppose 5*b - 20 = 2*s, 2 = -s + 4*b - 5. Let r = -1 + s. Let f = -9 - r. What is the remainder when f is divided by 3?
1
What is the remainder when 22 is divided by -24*(2/(-12))/(3/9)?
10
Suppose 30 = 3*q + 2*y, 2*q = 5*y + 10 + 10. Let l = q - 2. Calculate the remainder when 21 is divided by l.
5
Let q = 22 + -15. Suppose -3*x + q*x - 128 = 0. Calculate the remainder when x is divided by 17.
15
Suppose -5*l - 10 = -2*t, -17 = -t - 3*l - 1. Let y(n) = 5*n - 1. Let u be 1 + 4*(-6)/(-8). What is the remainder when y(u) is divided by t?
9
Let j = 43 + 7. Suppose -3*v + 19 = -j. What is the remainder when v is divided by (-60)/(3 + -7) + -1 - 2?
11
Suppose 0 = 3*z + 3*m - 33, 5*z + 2*m = -m + 65. Let h(l) = 2*l - 5. Calculate the remainder when z is divided by h(7).
7
Suppose -u + 62 = -0*u. Suppose -4*s - 2*l = -62, -5*s - 3*l = 2*l - 75. What is the remainder when u is divided by s?
14
Suppose -2*r = -5*r + 117. Suppose -w = -4*b - 18, -2*b + 16 = w - 4*b. What is the remainder when r is divided by w?
11
Suppose 5*h - 22 - 68 = 0. Suppose 82 - h = 4*n. Let m = -11 + n. Calculate the remainder when 13 is divided by m.
3
Suppose -l = -3*a - a + 1, -2*l + 4*a = -18. Let m be 11/4 - 4/(-16). Suppose 4*s + m = 31. What is the remainder when l is divided by s?
5
Suppose 3*k = -k + 156. Calculate the remainder when 50 is divided by k/1*4/6.
24
Suppose 0 = -5*c + 10, n + 4*n - 427 = -c. Let d = 121 - n. Suppose 5*g = 27 + 68. Calculate the remainder when d is divided by g.
17
Calculate the remainder when (-4)/10 + 651/15 is divided by 15.
13
Let u(j) = 5*j**3 - j**2 + 5*j - 3. Let t(b) = 4*b**3 - b**2 + 4*b - 3. Let s(f) = 3*t(f) - 2*u(f). What is the remainder when s(2) is divided by 7?
6
Let f = -1 - 0. Let n = 1 + f. Suppose 2*v - 4*t + 6 = v, 4*t - 16 = n. Calculate the remainder when 19 is divided by v.
9
Let a = -217 + 280. Calculate the remainder when a is divided by 16.
15
Let t(d) = d**2 + 3*d - 7. Let i be t(5). Let j = i - 10. What is the remainder when 67 is divided by j?
21
Suppose 0*p = 4*p - 36. Calculate the remainder when 35 is divided by p.
8
Let l be (-6)/21 + (-410)/(-14). Suppose 2*c - l = q - 2*q, -q = -2*c + 27. Calculate the remainder when 41 is divided by c.
13
Suppose 5*x + 5*v + 0*v - 175 = 0, 2*v + 4 = 0. Suppose -33*o = -32*o + h - 16, 0 = -5*o - 3*h + 74. Calculate the remainder when x is divided by o.
11
Suppose -2*q = 5*n - 23, 4*n - 47 + 9 = -3*q. What is the remainder when 50 is divided by q?
8
Let o = 9 + -9. Suppose 5*v = 4*n + 17, -5*v - 4*n - 3 + 36 = o. Calculate the remainder when v is divided by 3.
2
Let q(g) = -g**3 - 12*g**2 + 13*g + 12. What is the remainder when 34 is divided by q(-13)?
10
Suppose 5*v - 105 = -10. What is the remainder when v is divided by 7?
5
Let z = 97 - 183. Let g = -58 - z. What is the remainder when 81 is divided by g?
25
Let t be 3/(-9) + (-142)/(-3). Suppose 2*p = t - 5. Let j(i) = i**2 + 7*i - 7. What is the remainder when p is divided by j(-9)?
10
Suppose -2*k + 65 = -55. Suppose -4*o + k = -0*o. What is the remainder when 28 is divided by o?
13
Suppose 4*q - 4*t + 94 = -26, -4*q - t - 100 = 0. Let y(b) = b - 14. Let j be y(0). Let i = j - q. Calculate the remainder when 35 is divided by i.
11
Let j(y) = y**2 + 4*y + 2.